)/((70/12 - 6)*-6)*-1 is divided by 34.
3
Let t(l) = 6*l + 2. Let a be t(-6). Let p be 32/4*a/8. Let h = p + 46. Calculate the remainder when 70 is divided by h.
10
Suppose -3*x - 2 = -8. Let v be (-2)/(-5 - (-176)/36). Suppose 42 = 10*j - v. Calculate the remainder when j is divided by x.
0
Let o = 693 + -1169. Let x = -465 - o. Calculate the remainder when 16 is divided by x.
5
What is the remainder when 21 + -28 - ((-42093)/5 + 3/5) is divided by 6?
5
Suppose c - 5*q - 35 = 0, c = -55*q + 58*q + 41. Suppose 2*m + 62 = 3*v, -5*v - 4*m + 102 = 6. Calculate the remainder when c is divided by v.
10
Calculate the remainder when ((-578)/(-5))/(((-112)/70)/(-4)) is divided by 10.
9
Let p be (-136)/(-2 - -6)*16/(-4). What is the remainder when 45 is divided by p/20 + ((-32)/(-10) - 3)?
3
Let h be (0 - -1)*(172 + -2 + -4). Suppose 3*k - 4*v = h, 5*k = v + 176 + 95. Suppose -l = l - k. Calculate the remainder when 106 is divided by l.
25
Suppose 68*g - 65*g - 300 = 0. Let d = 120 - g. Calculate the remainder when 99 is divided by d.
19
Suppose -2*h + 5*c + 403 = 0, 28*h - 23*h - c = 1042. Calculate the remainder when 1668 is divided by h.
205
What is the remainder when (-8)/12 + (-1006)/(-6) is divided by (-24)/132 + (-435)/(-33)?
11
Let z be ((-55)/(-10))/(-11)*(-1 - -5). Let d = 10 + -5. Calculate the remainder when (z - 12/(-4))*(-13)/(-1) is divided by d.
3
Let a = -3782 - -3793. What is the remainder when 932 is divided by a?
8
What is the remainder when (24/9 - 4)*27174/(-28) is divided by 27?
25
Let b(v) = -27*v**3 - v. Suppose -4*n = z - 7, -2*z + 2*n + 59 = n. Suppose z = 6*w - 39. Calculate the remainder when b(-1) is divided by w.
6
Suppose 0 = -25*a + 50 + 75. Suppose 2*m = c - 39, 17 - 32 = -a*m. What is the remainder when 126 is divided by c?
36
Let x be 31/217 - (-293)/7. Suppose 0*y + y - 156 = -w, 0 = 3*w. What is the remainder when y is divided by x + (-42)/7 + -4?
28
Let c(m) = 2*m**2 - 4. Let w be c(4). Let k = w + -5. What is the remainder when ((-175)/150)/((-1)/78) is divided by k?
22
Let p = -1036 + 1060. Calculate the remainder when 861 is divided by p.
21
Suppose -2 = 2*n, -32*u + 34*u = 4*n + 1010. Let m = 76 - 40. What is the remainder when u is divided by m?
35
Let l = 660 - 370. What is the remainder when l is divided by 6/((-44)/(-14) + -3)?
38
Suppose -1418 = -v - 3*v - 5*c, 0 = v - 4*c - 344. Let b = v + -132. Suppose -n + 6*n = 2*z + b, n - z = 47. What is the remainder when n is divided by 11?
9
Let s(g) = 6*g - 54. Let h be s(11). Calculate the remainder when (513/45 - h)*(-710)/2 is divided by 67.
12
Suppose p + 9 = 3*g - 23, 4*p + 2*g = -86. Let z = 31 + p. Suppose -4*a + z = -8. What is the remainder when 23 is divided by a?
3
Let r(b) = -b**3 - 90*b**2 - 436*b + 12. Suppose 0 = x + 38 - 205. What is the remainder when x is divided by r(-5)?
33
What is the remainder when 22/187 + (-329826)/(-357) is divided by 94?
78
Suppose -3*w = -79 + 4. Calculate the remainder when 189 + -4*391/92 is divided by w.
22
Suppose -137*u + 77265 = 368*u. Calculate the remainder when 1672 is divided by u.
142
Suppose 23*b - 4 = 25*b. Suppose 2*y = 3*t - 6*t - 6, 2*y - 2 = -t. What is the remainder when (y/15)/(b/(-430)) is divided by 23?
20
Let c = 103 - 67. Calculate the remainder when 27162/108 - (-1)/(-2) is divided by c.
35
What is the remainder when 156 is divided by (-84)/140 + 283/5?
44
Suppose 20*k - 101 - 59 = 620. What is the remainder when 116 + ((-1)/(-1) - 2) is divided by k?
37
Let h = -548 - -808. What is the remainder when h is divided by 27?
17
Let b be (-810)/(-24) - (-24)/(-32). Suppose 25 = -u + b. Calculate the remainder when u is divided by 5.
3
What is the remainder when 10 + 3/((-4)/66168*-9) is divided by 221?
220
Let m = -121 - -70. Let w = m + 51. Suppose w = 7*g + 75 - 628. What is the remainder when g is divided by 20?
19
Let i = 21 - -12. Let r = i + -26. Let p = r - 4. Calculate the remainder when 5 is divided by p.
2
Let x(r) = 3*r**2 - 67*r - 340. Calculate the remainder when x(-29) is divided by 118.
114
Suppose 8*n - 10380 = 8*n - 4*n. Calculate the remainder when n is divided by 137.
129
Let d = 2 + 1. Suppose 2*z - d*z = -35. What is the remainder when z is divided by ((-38)/6)/((-32)/(-12) - 3)?
16
Suppose 52*n = 55*n - 243. Suppose -6*s - 24 + 60 = 0. Calculate the remainder when n is divided by s.
3
Let b = -160 - -266. Let j = -103 + b. What is the remainder when (j/(-6))/(1/(-294)) is divided by 25?
22
Let c(p) = -23*p - 1147. Calculate the remainder when c(-64) is divided by 154.
17
Let f(r) = 13*r + 20. Let o be f(-2). Calculate the remainder when (-43 - o)/((-2)/2) is divided by 13.
11
Let k = -2558 + 2692. Calculate the remainder when 9378 is divided by k.
132
Suppose -14520 = 52*d - 85*d. Calculate the remainder when d is divided by 26.
24
Suppose 3*o + 3*a = 1428, 158*o + 5*a = 159*o - 512. What is the remainder when o is divided by 27?
23
Suppose 0*c + 2*c + 2*t = 10, -2*c - 25 = -5*t. Suppose 17*p - 7*p - 30 = c. Let z(l) = -l - 1. Calculate the remainder when z(-7) is divided by p.
0
Suppose 5*l = -2*x + 39 - 392, 2*l = 5*x - 147. Let u = -73 - l. What is the remainder when (-21 - -31)/(u/(-13)) is divided by 33?
32
Suppose 4*k = -k + 170. Calculate the remainder when ((-2514)/(-114) + -22 - 3533/(-19))/3 is divided by k.
28
What is the remainder when 6620 is divided by 37/3 - (-54)/(-162)?
8
Let m be -10*(-1 - 2/(-4)). Let s be -2*(-4)/(-10) + 954/5. Suppose 0*i - m*i + s = 0. What is the remainder when 112 is divided by i?
36
Let r be (-13)/(104/56)*5*1. Calculate the remainder when ((-2250)/r - (-14)/(-49)) + -4 is divided by 44.
16
Let n = -5039 + 5108. What is the remainder when 132 is divided by n?
63
Let x(l) = -l**2 - 20*l + 2. Suppose 0 = 2*w - 10 - 14. Suppose w*i - 14*i = 34. What is the remainder when x(i) is divided by 27?
26
Suppose 206*w - 4555 = 204*w + 3*g, 0 = 4*w + 5*g - 9099. What is the remainder when w is divided by 57?
53
Suppose -4*o = f - 64, o - 16 = -0*f - 5*f. Suppose -2*h = 14*h - 464. What is the remainder when h is divided by o?
13
Let x(q) = -7*q**2 - 344*q + 67. What is the remainder when 1951 is divided by x(-49)?
95
Let y(g) = -33*g - 36. Suppose 3 + 12 = -3*k, 4*i + 5*k = -37. What is the remainder when y(i) is divided by 34?
29
Let h = 151 + -129. Suppose -j - 4*d = -0*d + 1, 4*d + h = 2*j. Calculate the remainder when ((-8)/10)/(16/(-1480)) is divided by j.
4
Let f = -1047 + 1103. What is the remainder when 11029 is divided by f?
53
Let m be -3*(-5)/(-30) - (-1075)/2. Suppose 0 = 6*y - m - 15. Calculate the remainder when y is divided by 32.
28
Let y(w) = 6 + 2 + 20*w + 3*w. Let u(r) = r**2 - 23*r - 9. Let m(b) = -2*u(b) - 3*y(b). Calculate the remainder when 28 is divided by m(-11).
3
Suppose 0 = -5*r - 2*m + 320, 7*r - m = 2*r + 305. Calculate the remainder when 752 is divided by r.
8
Let k(p) = -128*p + 85. Let b be k(4). Let z = b - -452. What is the remainder when 98 is divided by z?
23
Let f = -41 - -46. Suppose 5*z - 670 = -5*m, -z - 646 = -f*m - 0*m. What is the remainder when m is divided by 46?
38
Let l = 34 + -21. Let j(s) = s + 10. Let a be j(-4). Suppose -404 = -a*u + 2*u. Calculate the remainder when u is divided by l.
10
Let o(l) = l**3 + 2*l**2 - 10*l + 139. What is the remainder when 1250 is divided by o(0)?
138
Suppose -2*k + 16*k - 1358 = 0. Let y = k + -95. What is the remainder when 163 is divided by (-4)/(-12)*168/(4 - y)?
23
Suppose 0 = -2*m + 2*n - 4, 3*n - 8*n = 2*m - 31. Calculate the remainder when 96 is divided by 891/108*4/m.
8
Let n(j) = j**2 - 24*j + 247. What is the remainder when n(0) is divided by 47?
12
Suppose -631 + 247 = 4*q. Let w = -30 - q. Calculate the remainder when 197 is divided by w.
65
Let k = -497 - -491. Calculate the remainder when 402 is divided by (-1 - k) + 51 + -27.
25
Suppose -2*u = 5*m - 2*m - 17, -u = 5*m - 19. Let k(q) = -11*q + 71. What is the remainder when k(u) is divided by 8?
3
Let b = -35699 - -35728. What is the remainder when 76 is divided by b?
18
Let l be (-4)/(-10) - (-2560)/100. Suppose 176 = l*i - 15*i. Calculate the remainder when 139 is divided by i.
11
Suppose 2*o - 5*f + 535 = 0, o - 5*f + 386 - 131 = 0. Let c = o - -293. What is the remainder when 76 is divided by 